**2 + p - 3. What is the remainder when a(2) is divided by 19?
15
Calculate the remainder when 87 is divided by ((-313 - 2)/(-7))/1.
42
Let n(f) = f**3 - 5*f**2 + 5*f + 1. Let d be n(4). Suppose -98 = -d*z - 13. What is the remainder when z is divided by (3 + -8)*(-14)/7?
7
Let b(v) = -401 + 5*v + 3*v + 386. Calculate the remainder when b(6) is divided by 9.
6
Suppose 27 = 2*b - 1. Suppose -15*o + 11 = -b*o. Suppose 5*u - 17 = 2*v, u - 4 = -2*v - 3. What is the remainder when o is divided by u?
2
Let m = -401 + 631. Suppose 3*a - 250 = -4*j + 103, 4*j - m = -2*a. Suppose w = -2*w + a. What is the remainder when w is divided by 21?
20
Let w = 25 + -18. Suppose -2*h + 19 = -3*v, 2*v = -5*h - w + 45. Calculate the remainder when 37 is divided by h.
5
Let t(k) = k**3 + 14*k**2 - 3*k + 10. What is the remainder when t(-14) is divided by ((-1295)/(-10))/7 + (-3)/6?
16
Let b(y) = -y**3 + 7*y**2 - 8*y + 7. Let w be b(5). Suppose -3*s = -a + w, -3*a + 48 + 45 = 5*s. Calculate the remainder when a is divided by 5.
1
Let h = -38 - -60. Suppose 4*r + 90 = -58. Let x = 28 - r. Calculate the remainder when x is divided by h.
21
Let c(y) = -y**2 + 4*y + 3. Let a be c(4). Suppose -a*l + 0*l + 139 = -w, w = -l + 41. Calculate the remainder when l is divided by 23/1 + 0/(-1).
22
Let k = 19 + 50. Calculate the remainder when 21 is divided by (9/(-5))/(k/(-230)).
3
Let w(u) = -2*u**3 - 24*u**2 - 74*u + 28. Let x = 1 - -11. Calculate the remainder when w(-6) is divided by x.
4
Let n = -716 + 1581. Calculate the remainder when n is divided by 124.
121
Let u = -5 - -32. Let h = -99 + 114. What is the remainder when u is divided by h?
12
Let d = -438 - -920. Calculate the remainder when d is divided by 11.
9
Suppose -4*t + 9*t = 330. Let p = 28 + -13. Suppose b - 2 = p. What is the remainder when t is divided by b?
15
Suppose -2*y = -4*f + 12, 2*f + 0*f = 5*y - 2. Suppose -s + f + 13 = -n, -96 = -4*s - 3*n. What is the remainder when 82 is divided by s?
19
Let h(i) = i**3 + 5*i**2 + 2*i - 1. Suppose 5*x = -4*g + 180, 3*g + 245 = 5*x + 380. Calculate the remainder when g is divided by h(-4).
3
Let s = -38 + 37. What is the remainder when ((-3)/(-9))/s - 67/(-3) is divided by ((-13*1)/1)/(-1)?
9
Let b be (-18)/(-21)*(-49)/(-14). Suppose 0 = -b*v - 4 + 49. What is the remainder when 41 is divided by v?
11
Let y = 5 + 4. Suppose -87 - 8 = -5*t + 5*a, 5*a = -t + 25. Suppose 6*x + t = 10*x. What is the remainder when y is divided by x?
4
Let m be (0 + 1)*(8 - (-1 + 8)). Suppose -m = -g + 4, 3*h - 229 = g. What is the remainder when h is divided by 41?
37
Let q = -35 + 59. Calculate the remainder when (-40)/180*3*-69 is divided by q.
22
Let i(o) = 2*o - 31. Let s(j) = j**2 + 2. Calculate the remainder when s(2) is divided by i(18).
1
Let p be 54/4*(-7 - -5). Let z = p + 38. Calculate the remainder when 54 is divided by z.
10
Suppose 59*s + 32 = 63*s. Let v be (-23)/(-5) - 4/(-10). Suppose -3*i + 2*i - 5 = -5*a, -v*a + 35 = i. What is the remainder when i is divided by s?
7
Let w = 53 - -12. Let x = w + -45. Calculate the remainder when 77 is divided by x.
17
Let c(n) be the second derivative of n**4/12 + n**3 - 19*n**2/2 - 4*n. Calculate the remainder when c(-9) is divided by 3.
2
What is the remainder when ((-14)/7)/((-9)/738) is divided by 86?
78
Let m(y) = 2*y**2 - 2*y - 1. Suppose 0 = 2*d + 4 - 2. Let s be m(d). Let a = 12 + s. What is the remainder when a is divided by 9?
6
Suppose -10*y + 476 = -4. Calculate the remainder when 93 is divided by y.
45
Let d(l) = l**2 + 12*l - 28. What is the remainder when 171 is divided by d(5)?
0
Let s(l) = -l - 17. Let x(q) = 2*q + 34. Let a(i) = -5*s(i) - 3*x(i). Let o be a(0). Let y = o + 30. What is the remainder when y is divided by 8?
5
Calculate the remainder when 22 is divided by (6 - 5)*9 - 0.
4
Suppose -4*x = -229 - 3. What is the remainder when x is divided by 6?
4
Let q(i) = -i**2 - i + 1. Let w be q(0). Let z = w - -4. Suppose 2*g + 27 = 4*a - 11, 3*g - 15 = -2*a. What is the remainder when a is divided by z?
4
Let h = 182 - 166. What is the remainder when h is divided by 11?
5
Let h(k) = 255*k + 7. Let u be h(-1). What is the remainder when 104 is divided by (-3)/8 + (-5301)/u?
20
Suppose 3*h - 310 = 17. Suppose 5*b - h = 76. Calculate the remainder when b is divided by 19.
18
Let r be (-4)/(-3 - -5)*-2. Suppose w - r*w + 63 = 0. Let j = 32 + 50. Calculate the remainder when j is divided by w.
19
Let c = -259 - -296. What is the remainder when 295 is divided by c?
36
Let c = -9 - -25. Let f be (-2)/2*2 + 11. Let q = f - 0. Calculate the remainder when c is divided by q.
7
Let p(j) = -15*j + 207. Calculate the remainder when p(-10) is divided by 18.
15
Suppose 61 + 11 = 4*x. Suppose 2*h = -5*k + 167, -2*k = -5*h - 22 - 68. Calculate the remainder when k is divided by x.
17
Let w(b) = -b**2 + 15*b + 25. What is the remainder when 48 is divided by w(16)?
3
Let y(c) be the third derivative of 8/3*c**3 + 5*c**2 + 0 - 1/6*c**5 - 1/120*c**6 + 1/2*c**4 + 0*c. What is the remainder when 12 is divided by y(-11)?
2
Let s be (-1 + -86)*(-16)/12. Let b = -117 - -49. Let a = b + s. What is the remainder when a is divided by 17?
14
Calculate the remainder when 337*(3 - (-1 + 3)) is divided by 20.
17
Let d be 4662/(-45) + (-4)/10. Let h = d + 168. What is the remainder when h is divided by 33?
31
Let v(h) = -2*h**3 - 6*h**2 - 16*h - 42. Let p be v(-4). Suppose -50*x = -p*x + 112. What is the remainder when 108 is divided by x?
24
Let r be 1*3/((-6)/4). What is the remainder when 21 is divided by 13 + r/((-2)/(-2))?
10
Suppose 18 = -28*v + 242. What is the remainder when 37 is divided by v?
5
Let u = 6 - 8. Calculate the remainder when 89 is divided by (-6512)/(-144) - ((-8)/18)/u.
44
Let k = 38 + -4. Suppose -113 = -5*x - 2*n, 0 = -2*x + n + k + 13. Calculate the remainder when x is divided by 5.
3
Suppose -3*k - 2 + 21 = -4*i, -k - 4*i - 15 = 0. Let n(d) = d**3 - 9*d**2 + 11*d + 22. Calculate the remainder when k is divided by n(7).
0
Let q be (-5895)/(-75) - (1 + (-4)/10). Suppose 2*t + q = 8*t. What is the remainder when 142 is divided by t?
12
Let a = 87 + -61. What is the remainder when 362 is divided by a?
24
Let a(r) = 3*r**2 + 3*r - 167. Calculate the remainder when 120 is divided by a(-9).
22
Let h = -1127 - -1195. Calculate the remainder when h is divided by 2 + (1 - 2) - -9.
8
Suppose 80 = 2*p + 3*x, 0 = -3*p - 0*p - 5*x + 122. Suppose 28*a = 31*a + 4*y - 34, -a - 2*y + 14 = 0. Calculate the remainder when p is divided by a.
4
Let t be 20/(-90) + (-47)/(-9). Suppose -2*q = -q + t*k - 61, -5*q + 351 = 2*k. What is the remainder when q is divided by (-3)/3 + (-38)/(-1)?
34
Suppose 5*j = 2*j - 6, -4*j = 2*p. Let r(s) = -8*s - 3. Let z(v) = -v. Let n(g) = -r(g) + 6*z(g). Calculate the remainder when 42 is divided by n(p).
9
Suppose 2*n + 3*k - 12 = 0, -k - 4 = -0*k. Calculate the remainder when (-3 + 0)/(6/(-116)) is divided by n.
10
Let h(b) = -b - 8. Let c be h(-8). Suppose 4*f = -2*p - c*p, 4*f - 6 = -3*p. Let o(q) = 8*q - 7. What is the remainder when o(p) is divided by 14?
13
Suppose -489 = -5*v - f, 5*v + 286 = f + 767. Let l = v + -83. Suppose 40 = -2*p + 3*p. What is the remainder when p is divided by l?
12
Suppose -27*v + 1749 = 2*j - 28*v, -3*v = -2*j + 1743. What is the remainder when j is divided by 8?
4
What is the remainder when 114 is divided by (5 - 1)*(-4 + (-145)/(-20))?
10
Suppose -4666 - 4949 = -15*p. Calculate the remainder when p is divided by 23.
20
Suppose t = 3*n + 30, -t + 2*n = n - 26. Let y be 1/((-1)/(-34)*-2). Let s = t + y. Calculate the remainder when 11 is divided by s.
4
Let y = -63 + 325. What is the remainder when y is divided by 12?
10
Suppose a = -8*c + 9*c + 48, 5*c + 191 = 4*a. Calculate the remainder when 206 is divided by a.
10
Let k be (-1 + -1)/(-3 + 2). Suppose 9 = k*i - 1. Suppose -2*f = -5*o + 8, 9 = i*f + 5*o - 41. Calculate the remainder when 9 is divided by f.
3
Let f = -219 + 259. Calculate the remainder when f is divided by 11.
7
Let b(g) = 3*g**2 + 5*g**2 - 7 + 3*g + g**3 - g**2. Let q be (-6)/(-24) - (-21)/(-4). Calculate the remainder when b(q) is divided by 10.
8
Let k be (-66)/9*(5 + -8). Suppose 5*i = -3*b + 34, 2*b + 2*b - 5*i = k. Let y = 41 + -28. Calculate the rem